{"id":125,"date":"2016-06-18T06:45:26","date_gmt":"2016-06-18T06:45:26","guid":{"rendered":"http:\/\/perz-musikinstitut.de\/?page_id=125"},"modified":"2016-10-05T14:06:48","modified_gmt":"2016-10-05T14:06:48","slug":"privat-meine-geschichte","status":"publish","type":"page","link":"https:\/\/perz-musikinstitut.de\/wordpress\/?page_id=125","title":{"rendered":"Liebe Musikfreunde,"},"content":{"rendered":"<p style=\"text-align: center;\">ich unterrichte seit vielen Jahren Klavier und Keyboard (Kinder ab 5 Jahren, Jugendliche, Erwachsene) und begleite mit viel Freude und Engagement kleine Kinder (von 1 bis 5 Jahren) auf dem Weg der Pers\u00f6nlichkeitsentwicklung w\u00e4hrend meiner rhythmisch musikalischen Fr\u00fcherziehungsstunden in verschiedenen Kindertagesst\u00e4tten.<\/p>\n<p style=\"text-align: center;\">Meine langj\u00e4hrige Erfahrung hat gezeigt, dass kleine Kinder schon in der Kinderkrippe gro\u00dfes Interesse am Musizieren haben. Sie improvisieren unbefangen in jedem Bereich der Musik als \u201eKunst und Natursprache\u201c und bringen dabei ihre Gef\u00fchle zum Ausdruck. Oft behaupten die Eltern, Gro\u00dfeltern oder Lehrkr\u00e4fte f\u00e4lschlicherweise: <em>\u201eDas Kind ist unmusikalisch\u201c. <\/em><\/p>\n<p style=\"text-align: center;\">Ich behaupte:<\/p>\n<p style=\"text-align: center;\"><strong><em>\u201eJedes Kind ist musikalisch!\u201c<\/em><\/strong><\/p>\n<p>&nbsp;<\/p>\n<p>Copyright by Perz Musikinstitut, 68542 Heddesheim<\/p>\n","protected":false},"excerpt":{"rendered":"<p>ich unterrichte seit vielen Jahren Klavier und Keyboard (Kinder ab 5 Jahren, Jugendliche, Erwachsene) und begleite mit viel Freude und Engagement kleine Kinder (von 1&#8230;<\/p>\n<div class=\"more-link-wrapper\"><a class=\"more-link\" href=\"https:\/\/perz-musikinstitut.de\/wordpress\/?page_id=125\">Weiterlesen<span class=\"screen-reader-text\">Liebe Musikfreunde,<\/span><\/a><\/div>\n","protected":false},"author":1,"featured_media":145,"parent":0,"menu_order":0,"comment_status":"closed","ping_status":"closed","template":"","meta":{"iawp_total_views":0,"footnotes":""},"class_list":["post-125","page","type-page","status-publish","has-post-thumbnail","hentry","entry"],"_links":{"self":[{"href":"https:\/\/perz-musikinstitut.de\/wordpress\/index.php?rest_route=\/wp\/v2\/pages\/125","targetHints":{"allow":["GET"]}}],"collection":[{"href":"https:\/\/perz-musikinstitut.de\/wordpress\/index.php?rest_route=\/wp\/v2\/pages"}],"about":[{"href":"https:\/\/perz-musikinstitut.de\/wordpress\/index.php?rest_route=\/wp\/v2\/types\/page"}],"author":[{"embeddable":true,"href":"https:\/\/perz-musikinstitut.de\/wordpress\/index.php?rest_route=\/wp\/v2\/users\/1"}],"replies":[{"embeddable":true,"href":"https:\/\/perz-musikinstitut.de\/wordpress\/index.php?rest_route=%2Fwp%2Fv2%2Fcomments&post=125"}],"version-history":[{"count":17,"href":"https:\/\/perz-musikinstitut.de\/wordpress\/index.php?rest_route=\/wp\/v2\/pages\/125\/revisions"}],"predecessor-version":[{"id":176,"href":"https:\/\/perz-musikinstitut.de\/wordpress\/index.php?rest_route=\/wp\/v2\/pages\/125\/revisions\/176"}],"wp:featuredmedia":[{"embeddable":true,"href":"https:\/\/perz-musikinstitut.de\/wordpress\/index.php?rest_route=\/wp\/v2\/media\/145"}],"wp:attachment":[{"href":"https:\/\/perz-musikinstitut.de\/wordpress\/index.php?rest_route=%2Fwp%2Fv2%2Fmedia&parent=125"}],"curies":[{"name":"wp","href":"https:\/\/api.w.org\/{rel}","templated":true}]}}

<p style="text-align: center;">ich unterrichte seit vielen Jahren Klavier und Keyboard (Kinder ab 5 Jahren, Jugendliche, Erwachsene) und begleite mit viel Freude und Engagement kleine Kinder (von 1 bis 5 Jahren) auf dem Weg der Persönlichkeitsentwicklung während meiner rhythmisch musikalischen Früherziehungsstunden in verschiedenen Kindertagesstätten.</p>
<p style="text-align: center;">Meine langjährige Erfahrung hat gezeigt, dass kleine Kinder schon in der Kinderkrippe großes Interesse am Musizieren haben. Sie improvisieren unbefangen in jedem Bereich der Musik als „Kunst und Natursprache“ und bringen dabei ihre Gefühle zum Ausdruck. Oft behaupten die Eltern, Großeltern oder Lehrkräfte fälschlicherweise: <em>„Das Kind ist unmusikalisch“. </em></p>
<p style="text-align: center;">Ich behaupte:</p>
<p style="text-align: center;"><strong><em>„Jedes Kind ist musikalisch!“</em></strong></p>
<p>&nbsp;</p>
<p>Copyright by Perz Musikinstitut, 68542 Heddesheim</p>
