{"id":101,"date":"2016-06-17T14:33:17","date_gmt":"2016-06-17T14:33:17","guid":{"rendered":"http:\/\/perz-musikinstitut.de\/?page_id=101"},"modified":"2016-10-21T10:34:59","modified_gmt":"2016-10-21T10:34:59","slug":"event-2010","status":"publish","type":"page","link":"https:\/\/perz-musikinstitut.de\/wordpress\/?page_id=101","title":{"rendered":"Event 2010"},"content":{"rendered":"<p><strong>Junge Leute zeigen ganze Palette der Kreativit\u00e4t<\/strong><\/p>\n<p class=\"archive-mark\">\u00a0\u00a0\u00a0 Archiv-Artikel vom Mittwoch, den 03.11.2010<\/p>\n<h2 class=\"article-abstract\"><\/h2>\n<div id=\"trfCDCheck-57\" class=\"bodytext\">\n<p>Mit viel Engagement werden am Musikinstitut Perz Kinder im musischen Bereich unterrichtet und gef\u00f6rdert. Im Mittelpunkt stehen musikalische Entdeckungen und Entwicklungen, oder, wie Perz es nennt, &#8222;intelligente Kreativit\u00e4t&#8220; beziehungsweise &#8222;kreative Intelligenz&#8220;. Ob am Klavier, den Keyboards oder in der Rhythmik &#8211; darunter versteht Alexandra Perz Instrumente wie Bongos, Kongas oder Djemben &#8211; die Kinder werden ab einem Alter von f\u00fcnf Jahren unterrichtet.<\/p>\n<p>Doch nicht nur das Erlernen der Instrumente ist Perz wichtig. &#8222;Ganzheitliche&#8220; Musik soll gelebt werden: Die Kinder arrangieren, musizieren, komponieren, tanzen und singen. Einsatz und Lernwille seien bewundernswert: Obwohl Schule und Hausaufgaben manchmal bis zu zehn Stunden pro Tag in Anspruch nehmen, widmeten sich die Sch\u00fcler mit Feuereifer der Musik, so Perz.<\/p>\n<p>Das Gelernte f\u00fchrten die jungen Musiker nun im B\u00fcrgerhaus vor. 20 Sch\u00fcler spielten vor Eltern und Gro\u00dfeltern, vor Geschwistern und Freunden und wurden f\u00fcr ihre Bem\u00fchungen und ihr K\u00f6nnen mit viel Applaus bedacht. Der j\u00fcngste Pianist war Maximilian Dietz, sechs Jahre, der seine Nervosit\u00e4t, vor einem gro\u00dfen Auditorium zu spielen, toll im Griff hatte. Bei anderen lagen die Nerven da schon etwas offener. Dass aber auch sie in vielen Stunden viel gelernt hatten, war ohne Frage zu erkennen.<\/p>\n<div id=\"plista_widget_outstream_5809eca2285cc\" class=\"plista_widget_outstream\" data-widget=\"\"><\/div>\n<div id=\"trfCDCheck-64\" class=\"infoboxes\"><\/div>\n<p>Von Kinderliedern \u00fcber klassische St\u00fccke zu echt fetzigem Boogie-Woogie trugen die jungen Musiker ein breit gef\u00e4chertes Repertoire vor. Auch Tanzeinlagen wie ein Habanera-Tanz oder ein orientalischer Bauchtanz begeisterten die zahlreichen G\u00e4ste. Nicht zuletzt beeindruckte die Band des Instituts mit einer Eigenkomposition. <i>dithu<\/i><\/p>\n<p><cite class=\"end\">\u00a9 Mannheimer Morgen, Mittwoch, 03.11.2010 <\/cite><\/p>\n<\/div>\n","protected":false},"excerpt":{"rendered":"<p>Junge Leute zeigen ganze Palette der Kreativit\u00e4t \u00a0\u00a0\u00a0 Archiv-Artikel vom Mittwoch, den 03.11.2010 Mit viel Engagement werden am Musikinstitut Perz Kinder im musischen Bereich unterrichtet&#8230;<\/p>\n<div class=\"more-link-wrapper\"><a class=\"more-link\" href=\"https:\/\/perz-musikinstitut.de\/wordpress\/?page_id=101\">Weiterlesen<span class=\"screen-reader-text\">Event 2010<\/span><\/a><\/div>\n","protected":false},"author":2,"featured_media":0,"parent":0,"menu_order":0,"comment_status":"closed","ping_status":"closed","template":"","meta":{"iawp_total_views":0,"footnotes":""},"class_list":["post-101","page","type-page","status-publish","hentry","entry"],"_links":{"self":[{"href":"https:\/\/perz-musikinstitut.de\/wordpress\/index.php?rest_route=\/wp\/v2\/pages\/101","targetHints":{"allow":["GET"]}}],"collection":[{"href":"https:\/\/perz-musikinstitut.de\/wordpress\/index.php?rest_route=\/wp\/v2\/pages"}],"about":[{"href":"https:\/\/perz-musikinstitut.de\/wordpress\/index.php?rest_route=\/wp\/v2\/types\/page"}],"author":[{"embeddable":true,"href":"https:\/\/perz-musikinstitut.de\/wordpress\/index.php?rest_route=\/wp\/v2\/users\/2"}],"replies":[{"embeddable":true,"href":"https:\/\/perz-musikinstitut.de\/wordpress\/index.php?rest_route=%2Fwp%2Fv2%2Fcomments&post=101"}],"version-history":[{"count":4,"href":"https:\/\/perz-musikinstitut.de\/wordpress\/index.php?rest_route=\/wp\/v2\/pages\/101\/revisions"}],"predecessor-version":[{"id":193,"href":"https:\/\/perz-musikinstitut.de\/wordpress\/index.php?rest_route=\/wp\/v2\/pages\/101\/revisions\/193"}],"wp:attachment":[{"href":"https:\/\/perz-musikinstitut.de\/wordpress\/index.php?rest_route=%2Fwp%2Fv2%2Fmedia&parent=101"}],"curies":[{"name":"wp","href":"https:\/\/api.w.org\/{rel}","templated":true}]}}